n 541012 is divided by 190.
82
What is the remainder when 46360048 is divided by 614?
592
Calculate the remainder when 1548995 is divided by 26.
19
Calculate the remainder when 5829319 is divided by 43.
24
Calculate the remainder when 8349563 is divided by 299.
287
What is the remainder when 972450 is divided by 3?
0
Calculate the remainder when 462075 is divided by 230739.
597
Calculate the remainder when 266163 is divided by 813.
312
Calculate the remainder when 150312 is divided by 3005.
62
What is the remainder when 296766 is divided by 97714?
3624
Calculate the remainder when 70542144 is divided by 8.
0
Calculate the remainder when 136321 is divided by 68159.
3
What is the remainder when 588434 is divided by 65380?
14
Calculate the remainder when 60927558 is divided by 20.
18
Calculate the remainder when 733468 is divided by 4050.
418
What is the remainder when 648416490 is divided by 3606?
3600
Calculate the remainder when 734398 is divided by 68.
66
What is the remainder when 8497745 is divided by 622?
603
Calculate the remainder when 13716775 is divided by 924.
919
Calculate the remainder when 279692 is divided by 23296.
140
Calculate the remainder when 278808 is divided by 4.
0
Calculate the remainder when 723959 is divided by 241245.
224
What is the remainder when 161465 is divided by 31900?
1965
Calculate the remainder when 65460069 is divided by 402.
399
What is the remainder when 627539 is divided by 15688?
19
Calculate the remainder when 171875 is divided by 34371.
20
Calculate the remainder when 307427 is divided by 62.
31
Calculate the remainder when 23693 is divided by 4713.
128
Calculate the remainder when 30343798 is divided by 300.
298
What is the remainder when 286195835 is divided by 4634?
4629
What is the remainder when 5355131 is divided by 1021?
1007
What is the remainder when 822869 is divided by 1004?
593
What is the remainder when 1947290 is divided by 59?
54
Calculate the remainder when 3458470 is divided by 50.
20
Calculate the remainder when 1498578 is divided by 1253.
1243
What is the remainder when 3371254 is divided by 2164?
1906
Calculate the remainder when 6983519 is divided by 1971.
266
What is the remainder when 251641 is divided by 124822?
1997
Calculate the remainder when 72053 is divided by 3602.
13
What is the remainder when 3065170 is divided by 3160?
3130
Calculate the remainder when 1766490 is divided by 15914.
36
Calculate the remainder when 838527 is divided by 209495.
547
Calculate the remainder when 434502 is divided by 56.
54
What is the remainder when 34617979 is divided by 47357?
12
Calculate the remainder when 29256583 is divided by 124496.
23
What is the remainder when 600828 is divided by 293?
178
Calculate the remainder when 13262534 is divided by 589.
21
What is the remainder when 4919036 is divided by 320?
316
What is the remainder when 1365652 is divided by 2443?
15
What is the remainder when 2421076 is divided by 711?
121
What is the remainder when 131139379 is divided by 470?
449
Calculate the remainder when 499689 is divided by 166510.
159
What is the remainder when 1945232 is divided by 935?
432
Calculate the remainder when 1222025 is divided by 259.
63
Calculate the remainder when 329471262 is divided by 365.
362
Calculate the remainder when 150888 is divided by 852.
84
What is the remainder when 55262 is divided by 1158?
836
Calculate the remainder when 57930 is divided by 7219.
178
What is the remainder when 6384780 is divided by 3736?
3692
Calculate the remainder when 166040 is divided by 2367.
350
What is the remainder when 18978755 is divided by 22729?
40
What is the remainder when 105053044 is divided by 339?
334
Calculate the remainder when 505156 is divided by 334.
148
Calculate the remainder when 3279842 is divided by 143.
137
Calculate the remainder when 3463512 is divided by 84.
24
Calculate the remainder when 37596977 is divided by 494697.
5
Calculate the remainder when 26288 is divided by 2187.
44
What is the remainder when 551508 is divided by 3322?
56
Calculate the remainder when 601877 is divided by 200622.
11
Calculate the remainder when 6147646 is divided by 3073817.
12
What is the remainder when 200860812 is divided by 109760?
12
Calculate the remainder when 562963 is divided by 237.
88
Calculate the remainder when 68095092 is divided by 22698355.
27
Calculate the remainder when 2318880 is divided by 1081.
135
What is the remainder when 238134 is divided by 136?
134
What is the remainder when 66665 is divided by 61127?
5538
Calculate the remainder when 65543970 is divided by 2655.
2640
Calculate the remainder when 9100792 is divided by 186.
184
What is the remainder when 3897286 is divided by 974319?
10
Calculate the remainder when 724725 is divided by 1370.
1365
Calculate the remainder when 4438 is divided by 206.
112
Calculate the remainder when 3476674 is divided by 19.
16
What is the remainder when 734033 is divided by 375?
158
Calculate the remainder when 2685849 is divided by 4410.
159
What is the remainder when 2167675 is divided by 197055?
70
Calculate the remainder when 225497843 is divided by 297.
296
Calculate the remainder when 2794942 is divided by 931639.
25
What is the remainder when 41470 is divided by 108?
106
What is the remainder when 212330 is divided by 253?
63
What is the remainder when 22524321 is divided by 1324957?
52
What is the remainder when 31968220 is divided by 200?
20
Calculate the remainder when 111249 is divided by 6354.
3231
What is the remainder when 2757886 is divided by 64121?
683
What is the remainder when 195381 is divided by 21461?
2232
Calculate the remainder when 16121816 is divided by 65.
61
Calculate the remainder when 399202 is divided by 7695.
6757
Calculate the remainder when 12446224 is divided by 870.
4
What is the remainder when 9134197 is divided by 332?
213
Calculate the remainder when 1893295 is divided by 23.
4
What is the remainder when 69965964 is divided by 813?
810
What is the remainder when 121660 is divided by 5286?
82
What is the remainder when 72866 is divided by 22678?
4832
What is the remainder when 3262055 is divided by 2357?
2324
Calculate the remainder when 42188 is divided by 309.
164
What is the remainder when 636177 is divided by 12973?
500
Calculate the remainder when 50951491 is divided by 1053.
1033
What is the remainder when 2519075 is divided by 339?
305
What is the remainder when 3318974 is divided by 331895?
24
Calculate the remainder when 11486591 is divided by 27284.
27
What is the remainder when 2199123 is divided by 2430?
2403
What is the remainder when 20063357 is divided by 2371?
2326
Calculate the remainder when 1057238 is divided by 2697.
14
What is the remainder when 5035867 is divided by 248?
227
Calculate the remainder when 1404700 is divided by 2832.
28
Calculate the remainder when 1323518 is divided by 769.
69
What is the remainder when 3207460 is divided by 1707?
7
Calculate the remainder when 4522396 is divided by 552.
412
What is the remainder when 141893769 is divided by 405?
399
Calculate the remainder when 336195 is divided by 37057.
2682
What is the remainder when 7380831 is divided by 3690404?
23
What is the remainder when 296500 is divided by 510?
190
Calculate the remainder when 1232506 is divided by 1084.
1082
What is the remainder when 273621 is divided by 1426?
1255
What is the remainder when 4555421 is divided by 1103?
31
What is the remainder when 27904236 is divided by 96?
12
Calculate the remainder when 36345 is divided by 33343.
3002
Calculate the remainder when 801537 is divided by 23574.
21
What is the remainder when 734458 is divided by 146887?
23
What is the remainder when 81433 is divided by 12798?
4645
What is the remainder when 2132396 is divided by 177699?
8
Calculate the remainder when 1271289 is divided by 45.
39
What is the remainder when 2126735 is divided by 177183?
539
Calculate the remainder when 1828152 is divided by 2501.
2422
Calculate the remainder when 39624218 is divided by 248.
18
What is the remainder when 276892 is divided by 3547?
226
Calculate the remainder when 11466906 is divided by 1217.
332
Calculate the remainder when 750032 is divided by 7979.
6
Calculate the remainder when 6360779 is divided by 1599.
1556
Calculate th